606 is divided by 17?
15
What is the remainder when 80468 is divided by 821?
10
Calculate the remainder when 67599 is divided by 9654.
21
Calculate the remainder when 35291 is divided by 8818.
19
Calculate the remainder when 3474 is divided by 111.
33
Calculate the remainder when 34672 is divided by 27.
4
Calculate the remainder when 83316 is divided by 434.
422
Calculate the remainder when 667795 is divided by 24.
19
What is the remainder when 3274357 is divided by 751?
748
What is the remainder when 1642 is divided by 372?
154
What is the remainder when 1105 is divided by 825?
280
Calculate the remainder when 4279 is divided by 503.
255
Calculate the remainder when 126490 is divided by 39.
13
What is the remainder when 1898 is divided by 7?
1
What is the remainder when 38588 is divided by 3507?
11
What is the remainder when 519 is divided by 380?
139
Calculate the remainder when 31739 is divided by 97.
20
Calculate the remainder when 28244 is divided by 4707.
2
Calculate the remainder when 212937 is divided by 780.
777
Calculate the remainder when 5580 is divided by 1113.
15
Calculate the remainder when 7861 is divided by 61.
53
Calculate the remainder when 5551 is divided by 293.
277
What is the remainder when 7966 is divided by 12?
10
Calculate the remainder when 4205 is divided by 592.
61
Calculate the remainder when 4663 is divided by 185.
38
Calculate the remainder when 1837 is divided by 108.
1
What is the remainder when 17672 is divided by 67?
51
What is the remainder when 52201 is divided by 66?
61
What is the remainder when 26096 is divided by 100?
96
What is the remainder when 8458 is divided by 6674?
1784
What is the remainder when 222602 is divided by 359?
22
What is the remainder when 9512 is divided by 26?
22
Calculate the remainder when 6913 is divided by 100.
13
What is the remainder when 1050 is divided by 205?
25
What is the remainder when 16885 is divided by 602?
29
Calculate the remainder when 31189 is divided by 367.
361
What is the remainder when 1814 is divided by 38?
28
Calculate the remainder when 161592 is divided by 135.
132
Calculate the remainder when 100341 is divided by 5281.
2
What is the remainder when 22914 is divided by 60?
54
What is the remainder when 87741 is divided by 170?
21
Calculate the remainder when 7983 is divided by 121.
118
Calculate the remainder when 4151 is divided by 4085.
66
Calculate the remainder when 483903 is divided by 99.
90
Calculate the remainder when 3045 is divided by 3036.
9
Calculate the remainder when 438 is divided by 5.
3
Calculate the remainder when 21667 is divided by 10775.
117
Calculate the remainder when 150653 is divided by 341.
272
Calculate the remainder when 201248 is divided by 559.
8
What is the remainder when 12616 is divided by 2986?
672
What is the remainder when 1029526 is divided by 47?
38
Calculate the remainder when 3671 is divided by 401.
62
Calculate the remainder when 539476 is divided by 18.
16
What is the remainder when 9431 is divided by 157?
11
Calculate the remainder when 2398 is divided by 77.
11
What is the remainder when 10049 is divided by 50?
49
Calculate the remainder when 112919 is divided by 3321.
5
Calculate the remainder when 87836 is divided by 240.
236
Calculate the remainder when 5972 is divided by 462.
428
What is the remainder when 1204 is divided by 1198?
6
Calculate the remainder when 632873 is divided by 8.
1
Calculate the remainder when 19446 is divided by 143.
141
What is the remainder when 5178 is divided by 1697?
87
Calculate the remainder when 55218 is divided by 1033.
469
Calculate the remainder when 2379486 is divided by 12.
6
Calculate the remainder when 1013582 is divided by 4.
2
Calculate the remainder when 2125 is divided by 80.
45
What is the remainder when 12084 is divided by 107?
100
What is the remainder when 116030 is divided by 1589?
33
Calculate the remainder when 646103 is divided by 231.
227
What is the remainder when 8514 is divided by 275?
264
What is the remainder when 18699 is divided by 18699?
0
Calculate the remainder when 13354 is divided by 205.
29
Calculate the remainder when 68540 is divided by 34266.
8
Calculate the remainder when 658931 is divided by 6524.
7
What is the remainder when 38692 is divided by 210?
52
Calculate the remainder when 3990 is divided by 332.
6
What is the remainder when 121870 is divided by 16?
14
What is the remainder when 97889 is divided by 26?
25
What is the remainder when 17274 is divided by 17252?
22
Calculate the remainder when 223133 is divided by 111565.
3
What is the remainder when 72468 is divided by 21?
18
What is the remainder when 37210 is divided by 1243?
1163
What is the remainder when 5640 is divided by 217?
215
What is the remainder when 21970 is divided by 4385?
45
What is the remainder when 655049 is divided by 25?
24
Calculate the remainder when 20173 is divided by 10.
3
Calculate the remainder when 4603 is divided by 1449.
256
What is the remainder when 15940 is divided by 114?
94
Calculate the remainder when 9438 is divided by 9385.
53
What is the remainder when 32120 is divided by 868?
4
Calculate the remainder when 62694 is divided by 774.
0
What is the remainder when 4611 is divided by 1?
0
What is the remainder when 11956 is divided by 35?
21
Calculate the remainder when 83640 is divided by 526.
6
Calculate the remainder when 6240 is divided by 2065.
45
Calculate the remainder when 15450 is divided by 15438.
12
What is the remainder when 22800 is divided by 326?
306
What is the remainder when 60149 is divided by 73?
70
Calculate the remainder when 2494 is divided by 34.
12
What is the remainder when 170203 is divided by 34?
33
What is the remainder when 180017 is divided by 10000?
17
Calculate the remainder when 1302 is divided by 162.
6
Calculate the remainder when 39743 is divided by 543.
104
What is the remainder when 2723 is divided by 801?
320
Calculate the remainder when 17264 is divided by 210.
44
What is the remainder when 46354 is divided by 23176?
2
Calculate the remainder when 115040 is divided by 1554.
44
What is the remainder when 82813 is divided by 910?
3
Calculate the remainder when 1287 is divided by 1220.
67
What is the remainder when 2823 is divided by 400?
23
What is the remainder when 83719 is divided by 2146?
25
Calculate the remainder when 464016 is divided by 261.
219
Calculate the remainder when 52898 is divided by 456.
2
What is the remainder when 17865 is divided by 83?
20
What is the remainder when 10254 is divided by 7?
6
What is the remainder when 1201 is divided by 918?
283
What is the remainder when 26875 is divided by 1123?
1046
What is the remainder when 18563 is divided by 143?
116
What is the remainder when 362 is divided by 15?
2
What is the remainder when 9118 is divided by 2076?
814
What is the remainder when 23053 is divided by 5737?
105
What is the remainder when 1474 is divided by 72?
34
Calculate the remainder when 16933 is divided by 484.
477
What is the remainder when 17458 is divided by 388?
386
What is the remainder when 3132 is divided by 266?
206
Calculate the remainder when 26126 is divided by 188.
182
Calculate the remainder when 75110 is divided by 11.
2
What is the remainder when 515755 is divided by 28?
23
What is the remainder when 5769 is divided by 5732?
37
Calculate the remainder when 4899395 is divided by 12.
11
Calculate the remainder when 151890 is divided by 75939.
12
Calculate the remainder when 19721 is divided by 395.
366
Calculate the remainder when 116085 is divided by 26.
21
What is the remainder when 8084 is divided by 142?
132
Calculate the remainder when 8026 is divided by 108.
34
What is the remainder when 197721 is divided by 98853?
15
What is the remainder when 14088 is divided by 1270?
118
What is the remainder when 4002 is divided by 398?
22
Calculate the remainder when 1292 is divided by 499.
294
Calculate the remainder when 22065 is divided by 122.
105
What is the remainder when 33012 is divided by 4?
0
What is the remainder when 228807 is divided by 57200?
7
Calculate the remainder when 276668 is divided by 88.
84
What is the remainder when 9945 is divided by 7?
5
What is the remainder when 21802 is divided by 1676?
14
Calculate the remainder when 515918 is divided by 